7 - 24 = -2*g. What is the tens digit of p(g)?
2
Let v(p) = p + 2. Let w be v(0). Suppose -w*t = 5*k - 11, k = -4*t - 0*t + 31. Suppose -t*b + 100 = -4*b. What is the tens digit of b?
2
Let z be 0 - (0 - 3)*1. Suppose 2 = d - 3*h - 37, 9 = -z*h. What is the tens digit of d?
3
Let g(u) = 28*u - 79. Let z be g(13). Let d(q) = -q**2 - 4*q + 1. Let v be d(-3). Suppose -v*y + z = y. What is the tens digit of y?
5
Let z(j) = -135*j + 32. What is the hundreds digit of z(-4)?
5
Let z = 74 + -58. What is the tens digit of z?
1
Let s(a) = -2*a + 24. Let z be s(12). What is the tens digit of 161/((1 + z)*1)?
6
Suppose 3*v - 2*v = -3*l + 76, 5*v + 28 = 2*l. What is the hundreds digit of -68*4/(l/(-9))?
1
Let b(s) = -s**3 - 6*s**2 - 4*s - 9. Suppose 8*q - 6*q + 14 = 0. Let k(u) = u**2 + 8*u + 1. Let i be k(q). What is the tens digit of b(i)?
1
Suppose 29*w = 24*w + 10425. Suppose 13*h - 671 - w = 0. What is the units digit of h?
2
Let j be (32/8 - -4)*(-25)/2. What is the tens digit of ((-114)/5)/(30/j)?
7
Let v = -5 + 3. Let f be (v + 8)*2/6. Suppose -f*s - s = -60. What is the tens digit of s?
2
Suppose 0*k - 32 = -k. Let c = k + 1. What is the units digit of c?
3
What is the tens digit of (460/2 + 23 + -27)*1?
2
Let w be (-9 + 8)/(3/(-12)). Suppose -w*k - 5 + 33 = 0. What is the units digit of k?
7
Suppose -2*a + 1051 = 143. What is the hundreds digit of a?
4
Suppose -2*o + 16 = 2*o. Let f = 183 - 181. Suppose -3*w + 73 = -f*k - 53, -o*k = -5*w + 212. What is the tens digit of w?
4
Suppose -x = -4*x + 6. Suppose 5*u = -f + 2, 0*f + 6 = x*u + 3*f. Suppose -2*d - 3*d - 25 = u, 22 = z + d. What is the units digit of z?
7
Let x(s) = s**2 + 30. Let o be x(0). Let c be (-10)/(-4)*12/o. Suppose -a + c = -0. What is the units digit of a?
1
What is the hundreds digit of -1957*(2/15 - 493/435)?
9
Let i = -1403 + 6026. What is the tens digit of i?
2
Let g be (6/(-10))/(32/(-10) - -3). Suppose 6 = 3*f - 0, 5*f = -5*i + 370. Suppose q + i = g*q. What is the units digit of q?
6
Let j be 42/1 - (8 + -6). Suppose 0 = -5*p - 2*i + 73, j = 3*p + 2*i - 3. What is the units digit of p?
5
Suppose 13*i = 3*i + 7060. What is the hundreds digit of i?
7
Suppose 0 = -3*z - 5*g + 470 + 620, 0 = -z + g + 374. Suppose -49*o + z = -44*o. What is the units digit of o?
4
Let y = -4 - -4. Suppose -s - m + 87 = -31, 5*m - 20 = y. What is the hundreds digit of s?
1
Suppose 5*g - 3*i = 4659, 10*g - 7*g - 2802 = 4*i. What is the hundreds digit of g?
9
Let i(k) = 140*k**2 - 3*k - 2. Let x = 1 - 2. What is the tens digit of i(x)?
4
What is the units digit of (-6)/10 - (134464/(-55))/8?
5
Let j be (5 - (-15)/(-5))*-4. Let r(n) = 2*n**3 - 4*n - 3. Let k be r(-2). Let b = j - k. What is the units digit of b?
3
Let b = -258 + 455. Let f = b + -137. What is the tens digit of f?
6
Suppose -5*n + 24 = -41. Let v = 10 - n. What is the units digit of (v/2)/(1/(-12))?
8
Let z(r) = -2*r**2 + 17*r - 6. Let g be z(8). Suppose -g*o = -19 - 19. What is the tens digit of o?
1
What is the hundreds digit of (-3 - 198/(-44))*(-13804)/(-6)?
4
Suppose 10*b = 13*b - 9. Suppose -254 = -b*x - 20. What is the units digit of x?
8
Let s be (9/(-6))/(((-15)/(-20))/1). What is the tens digit of (s/8)/((-3)/204)?
1
Suppose 4 = -2*f + 10. What is the tens digit of -11*f*(-8)/12?
2
Let t(f) = -10*f**3 - f**2 - f. Suppose 0 = -4*d - 4*h, d - 3 = -3*h + 1. What is the units digit of t(d)?
8
Let y(j) = 4*j**3 + 24*j**2 - 25*j - 27. Let w = 11 + -4. Let x(n) = -n**3 - 8*n**2 + 8*n + 9. Let m(i) = w*x(i) + 2*y(i). What is the units digit of m(7)?
2
Let i(d) = -d**3 + 25*d**2 + 41*d - 28. What is the tens digit of i(17)?
8
Let v = -8 + 0. Let o be 1/4 - (-58)/v. What is the units digit of o/(-21) + (-11)/(-3)?
4
Let q = -39 + 73. Let d = -30 + q. What is the units digit of d?
4
Suppose -6798 = -10*m + 242. What is the units digit of m?
4
Suppose -o = -0 + 5, 0 = -2*m + 4*o + 1414. What is the tens digit of m?
9
Let u be 1/(2/6*1). Let i be 5/(-2) + (-42)/(-28). What is the units digit of 1/(i/(-6)*u)?
2
Let b = 601 + -67. What is the units digit of b?
4
Let a = 63 + -60. Suppose 0 = -3*z - a*y + 5*y + 240, -2*z + 165 = -3*y. What is the units digit of z?
8
What is the units digit of (-470720)/(-400) - (-2)/10?
7
Let a = -5253 + 8482. What is the units digit of a?
9
Let z(v) = 5*v - 5. Let c be z(12). Let g be 10/c - 93/(-33). Suppose -2*h - 2*k + 80 = 0, -7 = -g*k + 5. What is the units digit of h?
6
Let o be -2 + 1 + 0/(-2). Let t(n) = -11 - 4 - n**2 - 8*n**3 - n + 14. What is the units digit of t(o)?
7
Suppose 3*m = 4*m - 20. Suppose 0 = 5*r - 10*r + m. Suppose -r*f = -7*f + 72. What is the units digit of f?
4
Suppose -3*u + 4*w = 4, u - 6*u - 5 = -5*w. Suppose -9*d - 372 + 2316 = u. What is the units digit of d?
6
Suppose -5*k = -5*c + 9 - 44, -3*c - 2*k = 41. Let s be 7 + c - (1 - -2). Let f = -4 - s. What is the units digit of f?
3
Let z(g) = -3*g + 5. Let n be z(0). Suppose -n*u = -m - 7, -u - 15 = -3*m - 4*u. Suppose 4*a + 4*h = 148, -5*a - m*h = -3*a - 73. What is the units digit of a?
8
Let b be 1*2/3*3. Let g be 21/(-49) - (-460)/28. Let p = g - b. What is the tens digit of p?
1
Suppose -297 = 4*h + 5*x, 5*h - 2*x = -4*x - 384. Let k = 153 + h. What is the tens digit of k?
7
Let d be (-421)/((-54)/(-26) + -2). What is the hundreds digit of ((-2)/6 - d/156)*4?
1
Suppose 2*q + 5*k - 582 = 3*k, 4*q = 5*k + 1191. What is the hundreds digit of q?
2
Suppose -2*t = 4*a - 382, a + t = 4*a - 294. Let o = 147 - a. What is the tens digit of o?
5
Let x = 0 - -9. Suppose c - 2 = -2*o + x, -3*o - 9 = 0. What is the units digit of c?
7
Let c(a) = a**3 - a - 1. Let r(o) = 3*o**2 - 2*o**3 - 4*o - 4 - o**2 + 8*o**3. Let u(b) = 3*c(b) - r(b). What is the tens digit of u(-2)?
1
Let s = 33 + 5. Let o = -29 + s. What is the units digit of o?
9
Let v(k) = 102*k - 50. Let q be v(5). Suppose -7*j + q = -5*j. What is the tens digit of j?
3
Suppose 0 = -3*n - 5*p - 11, 3*n - 8 = 2*p + 9. Let u be (3 - -4)*2/2. Suppose -u - 8 = n*z, -30 = -i + 2*z. What is the units digit of i?
0
Let c = 14 + -13. Let m(n) = 14*n - c - 3 + 2. What is the units digit of m(2)?
6
Let b(x) = 52*x + 8. Let y(q) = q - 1. Let z(l) = -b(l) - 10*y(l). What is the hundreds digit of z(-2)?
1
Let o(b) = b**3 + 6*b**2 - b - 3. Let f be o(-6). Let a be (f/(-5))/((-9)/180). Suppose 3*c = -y + a - 1, -5*y + 3*c = -127. What is the units digit of y?
3
Let r(i) = -124*i + 72. What is the hundreds digit of r(-3)?
4
Suppose 8*v - 4808 = 3*v + 2*l, -4*l = 3*v - 2890. What is the units digit of v?
2
Let f be 2/(-14) + (-300)/(-42). Suppose 0 = -5*z + f*z - 700. Suppose 0 = 3*x - 8*x + z. What is the tens digit of x?
7
Let b = 11 - 7. Suppose -b*q = -5*q + 67. What is the tens digit of q?
6
Suppose 2*m - 48 - 32 = 0. Suppose 4*x + 5*z = 32, 4*x - m = -x + 2*z. Suppose 4*b + 124 = x*b. What is the units digit of b?
1
Suppose -15*h = -15391 - 44429. What is the hundreds digit of h?
9
Let q be 55/20 + (-6)/8. What is the tens digit of q - 40/15 - 155/(-3)?
5
Suppose 6*k - 5472 = -6*k. What is the units digit of k?
6
Let v = 16 + -1. Suppose 3*z - 14 = 6*z - 4*c, 3*c = v. Suppose 0 = -5*q + 20, -z*o + 3 = -3*q - 15. What is the tens digit of o?
1
Let g be (-4)/(0 - -1) - 2/2. What is the tens digit of -2*(141/(-6) - (2 + g))?
4
Let g(k) = -21*k + 216. What is the units digit of g(9)?
7
Let f = -1 - -268. What is the tens digit of f?
6
Let d(v) = -v**3 + 14*v**2 - 15*v + 29. Let x be d(13). What is the tens digit of (18/(-2))/x - -85 - 1?
8
Let r(g) = g**3 - 9*g**2 - 13*g + 26. Let w be r(12). Suppose -w = -5*i + 88. What is the tens digit of i?
7
Suppose 0 = -5*b - 617 + 2237. What is the tens digit of b?
2
Let q be (-1)/((-4 - -9)/(-25)). Suppose -4*b + s + 86 = 0, 8 - 122 = -q*b - 2*s. What is the units digit of b?
2
Suppose 1368 = 14*y - 18. What is the tens digit of y?
9
Let d(p) = 12*p**2 - 8*p - 1. What is the tens digit of d(6)?
8
Suppose -1 = -2*z - 3*j + 6, 0 = z + 2*j - 6. Let c(w) = -49*w - 5. Let u be c(z). Suppose -9*q + u + 493 = 0. What is the units digit of q?
6
Suppose -7*y + 6 = -29. Suppose 0 = -y*s + 15*s - 1570. What is the tens digit of s?
5
Let j = 34 + 1664. What is the tens digit of j?
9
Suppose 11*r - 6506 = 237. What is the units digit of r?
3
What is the hu